divisor of 60 and v?
12
Let y = -10 - -16. Let f be (-58)/(-2) - (-18)/y. Let l = f + -17. What is the greatest common factor of 6 and l?
3
Let c = -1 - -3. Suppose 7*b - 235 = c*b - 5*g, 5*b - 233 = -4*g. Let m = -50398 + 50403. What is the highest common divisor of b and m?
5
Let y(i) = -18*i**3 + 451*i**2 - 25*i + 25. Let k be y(25). Calculate the greatest common factor of k and 1405.
5
Let o be (2 + 0/(-3))/(3 - 1). Let r be 66*(o - 2)*-1*1. Let p = r + -34. What is the highest common factor of 4 and p?
4
Suppose 3*p - 8*p - 5*d - 135 = 0, -2*d = -4*p - 132. Let c = p + 49. What is the highest common divisor of c and 576?
18
Suppose 0 = -4*q - 5*z + 3369, -5*q + 2*q = -3*z - 2493. Suppose -y - 4*y + c = -q, 3*y - 4*c - 488 = 0. Calculate the highest common divisor of 16 and y.
8
Let g = 4 + -2. Let d be g + 177 + (-2 - 0 - -3). Let v be 0/6 + d/(-3 - -6). Calculate the highest common divisor of 24 and v.
12
Let i(l) = 86*l + 1. Let n be i(6). Let m(w) = -3*w**2 + 276*w - 3974. Let r be m(18). What is the highest common factor of r and n?
11
Suppose -2*w - 2*p + 240 = -0*w, 0 = -2*p + 10. Suppose 0 = 29*u - 30*u - 20. Let t be 4*(0 + (-115)/u). Calculate the greatest common divisor of t and w.
23
Suppose 63 + 17 = -5*g. Let c(z) = z**2 + 12*z - 43. Let u be c(g). Calculate the highest common divisor of u and 70.
7
Let b(r) = r**3 + 2*r**2 - 27*r - 15. Let s be b(-6). Let k be -2 + 38 - (s + -7). What is the greatest common divisor of 440 and k?
40
Suppose -10*t + 15 = -5*t. Let w be -5 - (t - (-3 + 16)). Suppose 3*h - w*h = z - 12, 5*h = -z + 15. Calculate the highest common divisor of 5 and z.
5
Suppose -238*j = -216*j - 19602. Calculate the greatest common divisor of j and 66.
33
Let o(g) = -g**2 + 85*g - 23. Let z be o(50). What is the greatest common divisor of 11 and z?
11
Suppose -3*v + 21 + 9 = -s, 4*v + 5*s - 59 = 0. Let o be (-11)/(726/12) + 464/v. Let t = o + -30. Calculate the greatest common divisor of 4 and t.
4
Let w(o) = -o**2 + 11*o + 388. Let k be w(0). Suppose 4*b - 134 = 2*g - k, 0 = -3*g - 5*b + 425. Calculate the highest common factor of g and 45.
45
Let x = 16 - 18. Let o be -1 - 6/(-4) - 397/x. Let l = o + -129. What is the greatest common factor of 14 and l?
14
Suppose 34*x - 1503 = -12*x - 121*x. Calculate the highest common factor of x and 285.
3
Let i(u) = -2*u**3 + 9*u**2 + 44*u - 183. Let v be i(5). Calculate the greatest common factor of 74 and v.
2
Let t be -5 - -1142 - -12*(-7)/(-14) - -1. Calculate the highest common divisor of t and 728.
104
Let p be (1 - 4)/(3/(-2)). Let c(x) = -x**3 - 24*x**2 + 110*x + 26. Let s be c(-28). What is the greatest common factor of s and p?
2
Suppose -7*u + 2746 = -2182. Let i = 31 + -23. What is the greatest common factor of u and i?
8
Let r = 4835 - 4809. What is the greatest common divisor of r and 1625?
13
Let d(t) = 4*t - 21. Let k be d(6). Let y = 1053 + -957. What is the greatest common divisor of k and y?
3
Suppose -83*o - 3*m - 47 = -88*o, -2*o - 2*m + 22 = 0. Let w = 0 + 4. Calculate the highest common factor of o and w.
2
Let g be 433320/90 - 60/(-45). What is the greatest common divisor of 32 and g?
16
Suppose -40*b + 275 = -x - 43*b, 3*b = x + 251. Let g = 368 + x. Calculate the highest common divisor of 60 and g.
15
Suppose 12*j - 15*j + 200 = 4*u, 3*u - 201 = -3*j. What is the greatest common factor of 2516 and j?
68
Let c be 12 + (0 + 0)*-1. Let u(b) = -9*b**2 + 26*b - 3. Let n be u(3). Let a be (-2 - n) + -5 + 7. What is the greatest common factor of c and a?
6
Let g(i) = -3*i**2 - 11*i + 31. Let k be g(-10). Let a = -154 - k. Calculate the highest common factor of a and 80.
5
Let i = 3292 - 3236. Calculate the greatest common factor of i and 4.
4
Suppose 0 = 2*i - 5*z + 19, -15 = -3*z - 0*z. Suppose 5*g + 4*l + 0*l - 113 = 0, 69 = 3*g + i*l. What is the highest common factor of g and 3?
3
Let r = -117 + 123. Let l(n) = n**2 + 3*n + 12. Let s be l(r). Suppose s*i = 62*i + 36. What is the highest common divisor of i and 99?
9
Suppose z - 2 = 1. Suppose 4*g + 5*g = 18. Suppose g*l + s = z*s + 12, 4*l + 3*s = 45. Calculate the greatest common divisor of 1 and l.
1
Let d be (0/(-2))/(-3) - -459. Suppose 4*p + 594 = 2*s + 2*p, -5*p + 279 = s. Let f = d - s. Calculate the highest common factor of 15 and f.
15
Suppose 4*p + 0*p = 24. Let y = -237 + 430. Let m = y + -185. Calculate the greatest common divisor of p and m.
2
Let q be 54/8*1360/153. Let v(k) = 2*k**2 + 2*k - 4. Let g be v(-4). Calculate the greatest common factor of g and q.
20
Suppose -65*q + 217602 = 12*q. What is the greatest common factor of q and 18?
18
Suppose 10*p = -15*p + 7725. Let t = p - 276. Let z = -4 - -7. Calculate the highest common factor of t and z.
3
Let a be (-9)/2 - (-4)/(-8). Let w(y) = -14*y**2 - 82*y - 4. Let n be w(a). What is the greatest common divisor of n and 24?
8
Suppose -205 = -8*o - 189. Suppose -u = q - 18, 15 = u + 4*q - o*q. Calculate the highest common divisor of u and 7.
7
Let x be (17*((-4 - -41) + -10))/3. Calculate the highest common factor of 510 and x.
51
Let r(n) = 20*n**2 - 20*n + 1728. Let l be r(0). What is the highest common factor of 1248 and l?
96
Let u be 1 + 600/(-9)*(-432)/32. Calculate the highest common factor of u and 371.
53
Suppose -1516*z = -1512*z - 112. Let t = -168 + 316. Let f = t + -8. Calculate the greatest common factor of z and f.
28
Let c be (7 - 4) + (-2)/(-5) + (-33516)/(-10). What is the highest common factor of c and 165?
55
Let y(b) = b**3 + 15*b**2 + 28*b. Let z be y(-13). Let x = -47 - 13. Let a = z - x. What is the highest common factor of a and 34?
34
Let y(z) = z**3 + 13*z**2 - 107*z - 1. Let i be y(6). Suppose i*x - 18050 = 3*x. What is the highest common divisor of x and 57?
19
Suppose -5*f = -2*r - 5, 0*r - 7 = -4*f + r. Suppose -4*v = -5*o - 74, 3*v - 4*o - 58 = -f. Calculate the highest common factor of 483 and v.
21
Suppose -13*y + 21*y = 144. Let w(k) = 3*k + 9*k**2 + 8*k + 0 + 9 + 0 + k**3. Let s be w(-5). What is the highest common divisor of y and s?
18
Suppose 930 = -3*w + 3*o, -612 = 3*w + 4*o + 325. Let h = w + 535. What is the greatest common divisor of 7 and h?
7
Suppose 37 - 28 = q + 3*w, -4*w = -4. Let n(a) = 5*a**2 - a. Let b be n(-1). What is the greatest common factor of q and b?
6
Suppose -15904 = 28*q - 44*q. Calculate the greatest common factor of q and 426.
142
Suppose 0 = -4*z - l + 3601, -3*z + 2118 + 594 = 3*l. What is the highest common divisor of 62 and z?
31
Suppose 3*j + 2*y - 7*y - 476 = 0, 3*y = -3*j + 492. Suppose 45*p - 36*p - j = 0. What is the greatest common factor of 30 and p?
6
Suppose 0 = 4*t + 12, 2*r - 21 = t. Let z(k) = k**2 - 11*k + 31. Let c be z(r). Calculate the highest common divisor of 143 and c.
13
Suppose -k + 0*k = -3. Suppose -24*c + 360 = -12*c. Let w be 3/(-15) - (-366)/c. Calculate the highest common divisor of w and k.
3
Let y be (-32)/72 + (-8673026)/(-153). Calculate the highest common factor of 14 and y.
14
Let q be (6/(12/6) + -2)*-811. Let i = -724 - q. What is the greatest common divisor of i and 957?
87
Let r = -97 + 19. Let k be r/(-14) - 212/371. What is the highest common factor of k and 135?
5
Let x be 9/24 + 6*(-144732)/(-576). What is the highest common divisor of x and 348?
116
Suppose -65 = -4*q + 5*h, -11*q + 14*q - 2*h = 40. Let u be 117*(208/780 - (-4)/q). Calculate the highest common divisor of 234 and u.
78
Suppose 0 = -2*w - 10, -5*u + w + 3*w = -1685. Let j(g) = g**2 + 7*g - 21. Let d be j(3). What is the highest common divisor of d and u?
9
Let l(x) = -2*x**3 - 32*x**2 - 3*x - 38. Let z be l(-16). What is the highest common factor of 71 and z?
1
Let z(u) = 170*u - 2. Let n be z(1). Let q(w) = -w. Let r be q(-6). Let a(f) = -6*f**2 + 39*f + 3. Let k be a(r). What is the greatest common factor of n and k?
21
Let f = -64 - -147. Suppose -15 = 2*z - f. Let l = z + -32. What is the greatest common factor of 16 and l?
2
Let b(h) = h - 24. Let f be b(-26). Let z = 28 + -42. Let a = z - f. Calculate the greatest common factor of a and 24.
12
Let d(p) = -63*p - 603. Let q be d(-10). Suppose -3*o + 729 = -0*o. What is the highest common factor of o and q?
27
Let k(f) = -10*f - 213. Let i be k(-25). Suppose 2*a + i = u, 5*a + 14 + 61 = 2*u. What is the g